{"version":"1.0","provider_name":"Dos Columnas","provider_url":"https:\/\/iicolumnas.es","title":"Bendita infancia - Dos Columnas","type":"rich","width":600,"height":338,"html":"<blockquote class=\"wp-embedded-content\" data-secret=\"0bhwc6eVMJ\"><a href=\"https:\/\/iicolumnas.es\/index.php\/colaboraciones\/2016\/08\/08\/bendita-infancia\/\">Bendita infancia<\/a><\/blockquote><iframe sandbox=\"allow-scripts\" security=\"restricted\" src=\"https:\/\/iicolumnas.es\/index.php\/colaboraciones\/2016\/08\/08\/bendita-infancia\/embed\/#?secret=0bhwc6eVMJ\" width=\"600\" height=\"338\" title=\"\u00abBendita infancia\u00bb \u2014 Dos Columnas\" data-secret=\"0bhwc6eVMJ\" frameborder=\"0\" marginwidth=\"0\" marginheight=\"0\" scrolling=\"no\" class=\"wp-embedded-content\"><\/iframe><script>\n\/*! This file is auto-generated *\/\n!function(d,l){\"use strict\";l.querySelector&&d.addEventListener&&\"undefined\"!=typeof URL&&(d.wp=d.wp||{},d.wp.receiveEmbedMessage||(d.wp.receiveEmbedMessage=function(e){var t=e.data;if((t||t.secret||t.message||t.value)&&!\/[^a-zA-Z0-9]\/.test(t.secret)){for(var s,r,n,a=l.querySelectorAll('iframe[data-secret=\"'+t.secret+'\"]'),o=l.querySelectorAll('blockquote[data-secret=\"'+t.secret+'\"]'),c=new RegExp(\"^https?:$\",\"i\"),i=0;i<o.length;i++)o[i].style.display=\"none\";for(i=0;i<a.length;i++)s=a[i],e.source===s.contentWindow&&(s.removeAttribute(\"style\"),\"height\"===t.message?(1e3<(r=parseInt(t.value,10))?r=1e3:~~r<200&&(r=200),s.height=r):\"link\"===t.message&&(r=new URL(s.getAttribute(\"src\")),n=new URL(t.value),c.test(n.protocol))&&n.host===r.host&&l.activeElement===s&&(d.top.location.href=t.value))}},d.addEventListener(\"message\",d.wp.receiveEmbedMessage,!1),l.addEventListener(\"DOMContentLoaded\",function(){for(var e,t,s=l.querySelectorAll(\"iframe.wp-embedded-content\"),r=0;r<s.length;r++)(t=(e=s[r]).getAttribute(\"data-secret\"))||(t=Math.random().toString(36).substring(2,12),e.src+=\"#?secret=\"+t,e.setAttribute(\"data-secret\",t)),e.contentWindow.postMessage({message:\"ready\",secret:t},\"*\")},!1)))}(window,document);\n<\/script>\n","thumbnail_url":"https:\/\/iicolumnas.es\/wp-content\/uploads\/2016\/08\/cabecera-concurso-01.jpg","thumbnail_width":"800","thumbnail_height":"566","description":"Recuerdo aquella bonita infancia vivida en Cantalpino. Recuerdo aquellos d\u00edas en los que pas\u00e1bamos las horas muertas en la charca, recuerdo los ba\u00f1os que nos d\u00e1bamos en ese agua tan sucia y las barcas&#46;&#46;&#46;"}

Recuerdo aquella bonita infancia vivida en Cantalpino. Recuerdo aquellos días en los que pasábamos las horas muertas en la charca, recuerdo los baños que nos dábamos en ese agua tan sucia y las barcas&#46;&#46;&#46;
